{"id":310,"date":"2018-09-17T20:48:01","date_gmt":"2018-09-17T18:48:01","guid":{"rendered":"http:\/\/fdesuremain-psy.fr\/?page_id=310"},"modified":"2020-05-18T18:27:53","modified_gmt":"2020-05-18T16:27:53","slug":"mon-parcours","status":"publish","type":"page","link":"https:\/\/fdesuremain-psy.fr\/?page_id=310","title":{"rendered":"Mon parcours"},"content":{"rendered":"<p><span style=\"line-height: 1.5;\"><img loading=\"lazy\" decoding=\"async\" class=\"size-medium wp-image-679 alignleft\" src=\"http:\/\/fdesuremain-psy.fr\/wp-content\/uploads\/2018\/10\/IMG_5616carre\u0301-300x300.jpg\" alt=\"\" width=\"300\" height=\"300\" srcset=\"https:\/\/fdesuremain-psy.fr\/wp-content\/uploads\/2018\/10\/IMG_5616carre\u0301-300x300.jpg 300w, https:\/\/fdesuremain-psy.fr\/wp-content\/uploads\/2018\/10\/IMG_5616carre\u0301-150x150.jpg 150w, https:\/\/fdesuremain-psy.fr\/wp-content\/uploads\/2018\/10\/IMG_5616carre\u0301-768x768.jpg 768w, https:\/\/fdesuremain-psy.fr\/wp-content\/uploads\/2018\/10\/IMG_5616carre\u0301-1024x1024.jpg 1024w\" sizes=\"(max-width: 300px) 100vw, 300px\" \/>\r\n\t\t<div class=\"fancy-title\" style=\"text-align: left;\">\r\n\t\t\t<h2 style=\"color:#3a3a3a; font-size:44px; text-align: left;\">\r\n\t\t\t\t<small style=\"font-size:28px;\"><\/small>\r\n\t\t\t\tDipl\u00f4mes- Etudes\r\n\t\t\t\t<span style=\"color:#81b304;\"><\/span>\r\n\t\t\t<\/h2>\r\n\t\t\t\r\n\t\t<\/div>\r\n\t\t<\/span><\/p>\n<ul>\n<li><span style=\"line-height: 1.5;\">Titulaire d&#8217;un Master II Professionnel (BAC +5) en <\/span><strong style=\"line-height: 1.5;\"><a href=\"http:\/\/fdesuremain-psy.fr\/?page_id=738\" target=\"_blank\" rel=\"noopener\">Psychologie clinique<\/a> du lien social<\/strong><span style=\"line-height: 1.5;\"> (Facult\u00e9 des sciences humaines et sociales de l&#8217;Universit\u00e9 Lyon II).<\/span><\/li>\n<\/ul>\n<p>&nbsp;<\/p>\n<ul>\n<li>Titulaire d&#8217;un Dipl\u00f4me Universitaire en <a href=\"http:\/\/fdesuremain-psy.fr\/?page_id=312\" target=\"_blank\" rel=\"noopener\"><strong>Hypnose clinique<\/strong><\/a> (Facult\u00e9 de m\u00e9decine de l&#8217;Universit\u00e9 Paris Sud Le Kremlin-Bic\u00eatre).<\/li>\n<\/ul>\n<p>&nbsp;<\/p>\n<ul>\n<li><strong>13 ans d&#8217;exp\u00e9riences<\/strong> dans le suivi psychologique individuel, le d\u00e9veloppement de projets psycho-m\u00e9dico-sociaux, le soutien et la formation d&#8217;\u00e9quipes de professionnels.<\/li>\n<\/ul>\n<p>&nbsp;<\/p>\n<ul>\n<li><strong>6 ans de pratique de l&#8217;Hypnose<\/strong> clinique.<\/li>\n<\/ul>\n<p><div class=\"clear\"><\/div><br \/>\n<div class=\"clear\"><\/div><br \/>\n\r\n\t\t<div class=\"fancy-title\" style=\"text-align: left;\">\r\n\t\t\t<h2 style=\"color:#3a3a3a; font-size:44px; text-align: left;\">\r\n\t\t\t\t<small style=\"font-size:28px;\"><\/small>\r\n\t\t\t\tExp\u00e9riences professionnelles\r\n\t\t\t\t<span style=\"color:#81b304;\"><\/span>\r\n\t\t\t<\/h2>\r\n\t\t\t\r\n\t\t<\/div>\r\n\t\t<br \/>\n<div class=\"clear\"><\/div><br \/>\n<div class=\"clear\"><\/div><\/p>\n\r\n\t\t<div class=\"flipcard h\">\r\n    <div class=\"front\">\r\n      \t<div class=\"frontimage\"><img decoding=\"async\" src=\"http:\/\/fdesuremain-psy.fr\/wp-content\/uploads\/2018\/09\/MCATMS-APHP.jpg\"\/><\/div>\r\n        <h3><\/h3>\r\n        <p>5 ans 1\/2 d'exp\u00e9riences. R\u00e9seau de sant\u00e9 du CHU Bic\u00eatre: \u00e9valuation et orientation de patients; animation d'un r\u00e9seau pluriprofessionnel, formations.<\/p>\r\n    <\/div>\r\n    <div class=\"back\">\r\n\t  <h3><\/h3>\r\n      <p style=\"margin-bottom:20px;\">THEMATIQUES: addiction, d\u00e9pression, troubles anxieux, tentatives de suicide, gestion des \u00e9motions, souffrance au travail, psychotraumatismes, deuil, conflits interpersonnels...<\/p>\r\n\t  <a style=\"color:#FFF;\" href=\"\" class=\"sktmore\">  <\/a>\r\n    <\/div>\r\n<\/div>\n\r\n\t\t<div class=\"flipcard h\">\r\n    <div class=\"front\">\r\n      \t<div class=\"frontimage\"><img decoding=\"async\" src=\"http:\/\/fdesuremain-psy.fr\/wp-content\/uploads\/2018\/09\/MAE-VP-petit.jpg\"\/><\/div>\r\n        <h3><\/h3>\r\n        <p>Mission de 2 ans. Ambassade de France au Vietnam. Charg\u00e9e de projets pour la protection de l'enfance.<\/p>\r\n    <\/div>\r\n    <div class=\"back\">\r\n\t  <h3><\/h3>\r\n      <p style=\"margin-bottom:20px;\">THEMATIQUES: psychologie de l'enfant, d\u00e9veloppement des comp\u00e9tences psychosociales, adoption, soutien \u00e0 la parentalit\u00e9, formation de professionnels.<\/p>\r\n\t  <a style=\"color:#FFF;\" href=\"\" class=\"sktmore\">  <\/a>\r\n    <\/div>\r\n<\/div>\n\r\n\t\t<div class=\"flipcard h\">\r\n    <div class=\"front\">\r\n      \t<div class=\"frontimage\"><img decoding=\"async\" src=\"http:\/\/fdesuremain-psy.fr\/wp-content\/uploads\/2018\/09\/MDM-copie.jpg\"\/><\/div>\r\n        <h3><\/h3>\r\n        <p>-Mission adoption internationale \u00e0 Grenoble (1an 1\/2).<br \/>\n-Accueil de jour pour personnes sans domicile fixe: P\u00e9niche Balajo \u00e0 Lyon (8 mois)<\/p>\r\n    <\/div>\r\n    <div class=\"back\">\r\n\t  <h3><\/h3>\r\n      <p style=\"margin-bottom:20px;\">THEMATIQUES: adoption internationale, \u00e9valuation psychologique, soutien \u00e0 la parentalit\u00e9, exclusion sociale, pathologies du lien, formation de b\u00e9n\u00e9voles<\/p>\r\n\t  <a style=\"color:#FFF;\" href=\"\" class=\"sktmore\">  <\/a>\r\n    <\/div>\r\n<\/div>\n<p>\r\n\t\t<div class=\"flipcard h\">\r\n    <div class=\"front\">\r\n      \t<div class=\"frontimage\"><img decoding=\"async\" src=\"http:\/\/fdesuremain-psy.fr\/wp-content\/uploads\/2018\/09\/DDASSlogo.jpg\"\/><\/div>\r\n        <h3><\/h3>\r\n        <p>Mesures d'injonctions th\u00e9rapeutiques (exp\u00e9rience de 7 mois): patients envoy\u00e9s en consultation par le subsitut du procureur<\/p>\r\n    <\/div>\r\n    <div class=\"back\">\r\n\t  <h3><\/h3>\r\n      <p style=\"margin-bottom:20px;\">THEMATIQUES: Addiction, injonctions de soins, motivation au soin, mesure judiciaire, pr\u00e9vention.<\/p>\r\n\t  <a style=\"color:#FFF;\" href=\"\" class=\"sktmore\">  <\/a>\r\n    <\/div>\r\n<\/div><br \/>\n<div class=\"clear\"><\/div><\/p>\n\r\n\t\t<div class=\"fancy-title\" style=\"text-align: left;\">\r\n\t\t\t<h2 style=\"color:#3a3a3a; font-size:44px; text-align: left;\">\r\n\t\t\t\t<small style=\"font-size:28px;\"><\/small>\r\n\t\t\t\tM\u00e9dias\r\n\t\t\t\t<span style=\"color:#81b304;\"><\/span>\r\n\t\t\t<\/h2>\r\n\t\t\t\r\n\t\t<\/div>\r\n\t\t\n<div class=\"clear\"><\/div>\n<div class=\"clear\"><\/div>\n<h3><a href=\"https:\/\/www.francebleu.fr\/emissions\/se-dit-tout\/provence\/se-dit-tout-vanessa-lambert-vos-temoignages-0810-055-056-8\" target=\"_blank\" rel=\"noopener\"><img loading=\"lazy\" decoding=\"async\" class=\"size-medium wp-image-911 alignright\" src=\"http:\/\/fdesuremain-psy.fr\/wp-content\/uploads\/2019\/03\/logo-france-bleu-e1552238559131-300x158.jpg\" alt=\"\" width=\"300\" height=\"158\" srcset=\"https:\/\/fdesuremain-psy.fr\/wp-content\/uploads\/2019\/03\/logo-france-bleu-e1552238559131-300x158.jpg 300w, https:\/\/fdesuremain-psy.fr\/wp-content\/uploads\/2019\/03\/logo-france-bleu-e1552238559131-768x403.jpg 768w, https:\/\/fdesuremain-psy.fr\/wp-content\/uploads\/2019\/03\/logo-france-bleu-e1552238559131-1024x538.jpg 1024w, https:\/\/fdesuremain-psy.fr\/wp-content\/uploads\/2019\/03\/logo-france-bleu-e1552238559131.jpg 1200w\" sizes=\"(max-width: 300px) 100vw, 300px\" \/><\/a><strong>Invit\u00e9e dans l&#8217;\u00e9mission &#8220;<a href=\"https:\/\/www.francebleu.fr\/emissions\/se-dit-tout\/provence\/se-dit-tout-vanessa-lambert-vos-temoignages-0810-055-056-8\" target=\"_blank\" rel=\"noopener\">on se dit tout<\/a>&#8220;<\/strong><\/h3>\n<p>anim\u00e9e par S\u00e9gol\u00e8ne Alunni au sujet du &#8220;<strong>harc\u00e8lement sexuel<\/strong>&#8220;.<\/p>\n<p><span class=\"diffusion\" style=\"line-height: 1.5;\">Diffusion du jeudi 7 mars 2019<\/span><\/p>\n<p><span class=\"duration\" style=\"line-height: 1.5;\">Dur\u00e9e : 31min<\/span><\/p>\n<div class=\"rfb-audio-small\">\n<div id=\"On_uel38\" class=\"rfb-player-button-container\" data-wc-id=\"inline-player\">\n<div class=\"rfb-player-button-container-icon rfb-player-button-container-icon-play player-action-play\"><div class=\"clear\"><\/div><\/div>\n<div><div class=\"clear\"><\/div><\/div>\n<div><div class=\"clear\"><\/div><\/div>\n<\/div>\n<\/div>\n<p>\r\n\t\t<div class=\"fancy-title\" style=\"text-align: left;\">\r\n\t\t\t<h2 style=\"color:#3a3a3a; font-size:44px; text-align: left;\">\r\n\t\t\t\t<small style=\"font-size:28px;\"><\/small>\r\n\t\t\t\tPublications - Recherches\r\n\t\t\t\t<span style=\"color:#81b304;\"><\/span>\r\n\t\t\t<\/h2>\r\n\t\t\t\r\n\t\t<\/div>\r\n\t\t<br \/>\n<div class=\"clear\"><\/div><\/p>\n<p style=\"text-align: center;\"><strong>La reconnaissance des expressions \u00e9motionnelles faciales entre la France et le Burkina Faso<\/strong><\/p>\n<p>Tcherkassof, A., de Suremain, F. (2005) Burkina Faso and France : a cross-cultural study of the judgement of action readiness in facial expressions of emotion. <em>Psychologia- An International Journal of Psychology in the Orient<\/em>. 48: 4, 317.<br \/>\n\r\n\t\t<div class=\"divider6\"><span><\/span><\/div>\r\n\t\t<\/p>\n<p style=\"text-align: center;\"><strong>Le comportement altruiste selon la croyances en un monde juste<\/strong><\/p>\n<p>B\u00e8gue, L., Charmoillaux, M. Cochet, Cury, C. &amp; de Suremain, F.(2008). Altruistic Behaviour and\u00a0justice beliefs. <i>American Journal of Psychology<\/i>, 121, 1, 47-56.\u00a0\r\n\t\t<div class=\"divider6\"><span><\/span><\/div>\r\n\t\t<\/p>\n<p style=\"text-align: center;\"><strong>La prise en charge des suicidants<\/strong><\/p>\n<p><span style=\"line-height: 1.5;\">Marchand, A.<\/span><span style=\"line-height: 1.5;\">, Castaigne, E.<\/span><span style=\"line-height: 1.5;\">, de Suremain<\/span><span style=\"line-height: 1.5;\">, F., Valderrama, O.<\/span><span style=\"line-height: 1.5;\">, Sommier,G.<\/span><span style=\"line-height: 1.5;\">, Agostini, H.<\/span><span style=\"line-height: 1.5;\">, Hardy, P.(2013). V<\/span>eille sanitaire et r\u00e9seau de sant\u00e9 mentale dans la prise en charge des suicidants. R\u00e9sultats d\u2019une \u00e9tude contr\u00f4l\u00e9e. <em>European psychiatry<\/em>, 28, 8S, 85-86.<br \/>\n\r\n\t\t<div class=\"divider6\"><span><\/span><\/div>\r\n\t\t<\/p>\n<p style=\"text-align: center;\"><strong>La prise en charge des personnes atteintes de syndrome de stress post traumatique<\/strong><\/p>\n<p>Exp\u00e9rimentatrice pour l&#8217;\u00e9tude PARIS MEM (Paris M\u00e9moire Vive) du Pr Brunet et Pr Millet.<br \/>\nEtude d&#8217;efficience de la\u00a0prise en charge de patients atteints de stress post-traumatique par blocage de la reconsolidation des souvenirs (2016- <em>en cours<\/em>).<br \/>\n<em>Publication \u00e0 venir.<\/em><\/p>\n<p>&nbsp;<\/p>\n    <!-- sktbuilder starter --><script type=\"text\/javascript\" src=\"https:\/\/fdesuremain-psy.fr\/wp-content\/plugins\/skt-builder\/sktbuilder\/sktbuilder-frontend-starter.js\"><\/script><script type=\"text\/javascript\" src=\"https:\/\/fdesuremain-psy.fr\/wp-content\/plugins\/skt-builder\/sktbuilder-wordpress-driver.js\"><\/script><script type=\"text\/javascript\"> var starter = new SktbuilderStarter({\"mode\": \"prod\", \"skip\":[\"jquery\",\"underscore\",\"backbone\"],\"sktbuilderUrl\": \"https:\/\/fdesuremain-psy.fr\/wp-content\/plugins\/skt-builder\/sktbuilder\/\", \"driver\": new SktbuilderWordpressDriver({\"ajaxUrl\": \"https:\/\/fdesuremain-psy.fr\/wp-admin\/admin-ajax.php\", \"iframeUrl\": \"https:\/\/fdesuremain-psy.fr\/?page_id=310&sktbuilder=true\", \"pageId\": 310, \"pages\": [{\"title\":\"Sensibiliser \\\/ Soutenir\",\"url\":\"https:\\\/\\\/fdesuremain-psy.fr\\\/wp-admin\\\/post.php?post=1323&action=sktbuilder\"},{\"title\":\"Former\",\"url\":\"https:\\\/\\\/fdesuremain-psy.fr\\\/wp-admin\\\/post.php?post=1420&action=sktbuilder\"}], \"page\": \"Mon parcours\" }) });<\/script><!-- end sktbuilder starter -->","protected":false},"excerpt":{"rendered":"<p>Titulaire d&#8217;un Master II Professionnel (BAC +5) en Psychologie clinique du lien social (Facult\u00e9 des sciences humaines et sociales de l&#8217;Universit\u00e9 Lyon II). &nbsp; Titulaire d&#8217;un Dipl\u00f4me Universitaire en Hypnose clinique (Facult\u00e9 de m\u00e9decine de l&#8217;Universit\u00e9 Paris Sud Le Kremlin-Bic\u00eatre). &nbsp; 13 ans d&#8217;exp\u00e9riences dans le suivi psychologique individuel, le d\u00e9veloppement de projets psycho-m\u00e9dico-sociaux, le<br \/><a class=\"moretag\" href=\"https:\/\/fdesuremain-psy.fr\/?page_id=310\">+ Read More<\/a><\/p>\n","protected":false},"author":1,"featured_media":0,"parent":240,"menu_order":0,"comment_status":"closed","ping_status":"closed","template":"templates\/page-nosidebar_template.php","meta":{"_exactmetrics_skip_tracking":false,"_exactmetrics_sitenote_active":false,"_exactmetrics_sitenote_note":"","_exactmetrics_sitenote_category":0,"footnotes":""},"_links":{"self":[{"href":"https:\/\/fdesuremain-psy.fr\/index.php?rest_route=\/wp\/v2\/pages\/310"}],"collection":[{"href":"https:\/\/fdesuremain-psy.fr\/index.php?rest_route=\/wp\/v2\/pages"}],"about":[{"href":"https:\/\/fdesuremain-psy.fr\/index.php?rest_route=\/wp\/v2\/types\/page"}],"author":[{"embeddable":true,"href":"https:\/\/fdesuremain-psy.fr\/index.php?rest_route=\/wp\/v2\/users\/1"}],"replies":[{"embeddable":true,"href":"https:\/\/fdesuremain-psy.fr\/index.php?rest_route=%2Fwp%2Fv2%2Fcomments&post=310"}],"version-history":[{"count":108,"href":"https:\/\/fdesuremain-psy.fr\/index.php?rest_route=\/wp\/v2\/pages\/310\/revisions"}],"predecessor-version":[{"id":1448,"href":"https:\/\/fdesuremain-psy.fr\/index.php?rest_route=\/wp\/v2\/pages\/310\/revisions\/1448"}],"up":[{"embeddable":true,"href":"https:\/\/fdesuremain-psy.fr\/index.php?rest_route=\/wp\/v2\/pages\/240"}],"wp:attachment":[{"href":"https:\/\/fdesuremain-psy.fr\/index.php?rest_route=%2Fwp%2Fv2%2Fmedia&parent=310"}],"curies":[{"name":"wp","href":"https:\/\/api.w.org\/{rel}","templated":true}]}}