{"id":320,"date":"2018-09-17T20:52:34","date_gmt":"2018-09-17T18:52:34","guid":{"rendered":"http:\/\/fdesuremain-psy.fr\/?page_id=320"},"modified":"2024-01-21T15:16:08","modified_gmt":"2024-01-21T14:16:08","slug":"pourquoi-aller-consulter","status":"publish","type":"page","link":"https:\/\/fdesuremain-psy.fr\/?page_id=320","title":{"rendered":"En quoi consiste le travail psychoth\u00e9rapeutique ?"},"content":{"rendered":"<h2>Comprendre le mal \u00eatre psychique<\/h2>\n<div id=\"attachment_788\" style=\"width: 244px\" class=\"wp-caption alignleft\"><img loading=\"lazy\" decoding=\"async\" aria-describedby=\"caption-attachment-788\" class=\"size-medium wp-image-788\" src=\"http:\/\/fdesuremain-psy.fr\/wp-content\/uploads\/2018\/11\/0fc2e30a4098d9df9a6fe26bffe29bf8-234x300.png\" alt=\"\" width=\"234\" height=\"300\" srcset=\"https:\/\/fdesuremain-psy.fr\/wp-content\/uploads\/2018\/11\/0fc2e30a4098d9df9a6fe26bffe29bf8-234x300.png 234w, https:\/\/fdesuremain-psy.fr\/wp-content\/uploads\/2018\/11\/0fc2e30a4098d9df9a6fe26bffe29bf8.png 724w\" sizes=\"(max-width: 234px) 100vw, 234px\" \/><p id=\"caption-attachment-788\" class=\"wp-caption-text\"><a href=\"https:\/\/fr.pngtree.com\">Graphiques de pngtree.com<\/a><\/p><\/div>\n<p align=\"JUSTIFY\">Faire la d\u00e9marche de consulter un psychologue est une \u00e9tape importante, mais qui peut parfois impressionner. Souvent nous avons tendance \u00e0 culpabiliser de notre mal \u00eatre ou \u00e0 penser que la situation s&#8217;am\u00e9liorera avec le temps par peur ou honte d&#8217;en parler.<\/p>\n<p align=\"JUSTIFY\"><span lang=\"fr-FR\">L&#8217;id\u00e9e qu&#8217;une personne se cr\u00e9e elle-m\u00eame ses probl\u00e8mes est malheureusement assez courante. Cette id\u00e9e repose sur une croyance tr\u00e8s ancr\u00e9e dans notre vision du monde qui dit que nous sommes notre cerveau. Or le cerveau fait partie de nous, mais nous ne nous r\u00e9duisons pas \u00e0 notre cerveau. Nous ne cr\u00e9ons pas notre mal \u00eatre, mais le mal-\u00eatre est g\u00e9n\u00e9r\u00e9 par le cerveau.<\/span><\/p>\n<p align=\"JUSTIFY\"><span lang=\"fr-FR\">Par exemple, lorsque nous disons: \u00ab\u00a0je m&#8217;\u00e9nerve\u00a0\u00bb, il est \u00e9vident que nous n&#8217;avons pas d\u00e9cid\u00e9 de nous \u00e9nerver; si nous pouvions le d\u00e9cider, nous aurions choisi de ne pas nous \u00e9nerver. Ainsi, nous subissons ce qui se passe en nous: il serait plus exact de dire que nous ressentons de l&#8217;\u00e9nervement.<\/span><\/p>\n<p lang=\"fr-FR\" align=\"JUSTIFY\">De m\u00eame, personne ne d\u00e9cide de se cr\u00e9er une souffrance psychologique. La souffrance arrive et nous faisons avec. Une fois qu&#8217;elle est l\u00e0, nous faisons du mieux possible pour la supporter, donc elle se cr\u00e9e sans qu&#8217;on intervienne, exactement comme c&#8217;est le cas pour une souffrance physique.<\/p>\n<h2 lang=\"fr-FR\" align=\"LEFT\">Notre cerveau ne nous ob\u00e9it pas<\/h2>\n<p align=\"JUSTIFY\"><span lang=\"fr-FR\">Le psychologue Jack Kornflield a dit: \u00ab\u00a0si vous parvenez \u00e0 rester calme \u00e0 l&#8217;annonce d&#8217;une mauvaise nouvelle, si vous restez serein malgr\u00e9 vos difficult\u00e9s financi\u00e8res, si vous acceptez avec gratitude tout ce que l&#8217;on vous sert \u00e0 manger, si apr\u00e8s une journ\u00e9e charg\u00e9e vous vous endormez sereinement et si vous trouvez toujours satisfaction dans toutes les situations, vous \u00eates probablement&#8230;un chien!\u00a0\u00bb<\/span><\/p>\n<p align=\"JUSTIFY\"><span lang=\"fr-FR\">En tant qu&#8217;humain notre vie psychique est bien diff\u00e9rente et nous avons \u00e9volu\u00e9 au fil du temps depuis notre statut de chasseur cueilleur pour nous adapter \u00e0 notre vie moderne tumultueuse. Cette nouvelle r\u00e9alit\u00e9 nous expose d&#8217;avantage au stress et \u00e0 des d\u00e9fis mentaux, \u00e9motionnels et sociaux.<\/span><\/p>\n<p align=\"JUSTIFY\"><span lang=\"fr-FR\"><img loading=\"lazy\" decoding=\"async\" class=\"size-medium wp-image-796 alignright\" src=\"http:\/\/fdesuremain-psy.fr\/wp-content\/uploads\/2018\/11\/circuit_brain_1_large-copie-300x226.jpg\" alt=\"\" width=\"300\" height=\"226\" srcset=\"https:\/\/fdesuremain-psy.fr\/wp-content\/uploads\/2018\/11\/circuit_brain_1_large-copie-300x226.jpg 300w, https:\/\/fdesuremain-psy.fr\/wp-content\/uploads\/2018\/11\/circuit_brain_1_large-copie.jpg 354w\" sizes=\"(max-width: 300px) 100vw, 300px\" \/>Notre cerveau d&#8217;humain est plut\u00f4t bien \u00e9quip\u00e9 pour faire face \u00e0 ces d\u00e9fis. Il dispose d&#8217;automatismes de pens\u00e9es qui nous permettent de cat\u00e9goriser, d&#8217;ordonner et de rendre coh\u00e9rent notre monde int\u00e9rieur et ext\u00e9rieur de mani\u00e8re syst\u00e9matique et non consciente, sans que cela ne nous demande aucun effort de r\u00e9flexion.<\/span><\/p>\n<p align=\"JUSTIFY\"><span lang=\"fr-FR\">Cependant suite \u00e0 des facteurs personnels g\u00e9n\u00e9tiques ou historiques, la r\u00e9p\u00e9tition ou l&#8217;accumulation d\u2019\u00e9v\u00e8nements stressants, il arrive que notre machine c\u00e9r\u00e9brale se d\u00e9sorganise et prenne l&#8217;habitude de se r\u00e9guler sur un \u00e9quilibre qui tant vers la souffrance.<\/span><\/p>\n<p lang=\"fr-FR\" align=\"JUSTIFY\">C&#8217;est \u00e0 dire que face \u00e0 un \u00e9v\u00e8nement qui nous cr\u00e9e de la d\u00e9tresse, notre discours int\u00e9rieur sur cette situation peut parfois nous cr\u00e9er une double peine et exacerber nos r\u00e9actions et nos ressentis face \u00e0 cet \u00e9v\u00e9nement. Un travail sur nos pens\u00e9es, nos repr\u00e9sentations, ou notre histoire est alors n\u00e9cessaire pour arriver \u00e0 s\u00e9parer ce qui nous arrive de la mani\u00e8re dont on y r\u00e9pond. L&#8217;enjeu sera d&#8217;accepter de l\u00e2cher-prise sur notre mani\u00e8re habituelle de penser pour en adopter une nouvelle qui sera plus \u00e9panouissante.<\/p>\n<h2>Changer n\u00e9cessite du travail<\/h2>\n<p lang=\"fr-FR\" align=\"JUSTIFY\">Pour changer, la volont\u00e9 ne suffit pas, il faut s&#8217;entra\u00eener pour obtenir un changement. Cela n\u00e9cessite un entra\u00eenement de l&#8217;esprit comme le sport est un entra\u00eenement du corps.<\/p>\n<p lang=\"fr-FR\" align=\"JUSTIFY\"><img loading=\"lazy\" decoding=\"async\" class=\"wp-image-798 size-medium alignleft\" src=\"http:\/\/fdesuremain-psy.fr\/wp-content\/uploads\/2018\/11\/il_fullxfull.1005006264_jhu7-copie-1-300x211.jpg\" alt=\"\" width=\"300\" height=\"211\" srcset=\"https:\/\/fdesuremain-psy.fr\/wp-content\/uploads\/2018\/11\/il_fullxfull.1005006264_jhu7-copie-1-300x211.jpg 300w, https:\/\/fdesuremain-psy.fr\/wp-content\/uploads\/2018\/11\/il_fullxfull.1005006264_jhu7-copie-1-768x539.jpg 768w, https:\/\/fdesuremain-psy.fr\/wp-content\/uploads\/2018\/11\/il_fullxfull.1005006264_jhu7-copie-1-1024x719.jpg 1024w, https:\/\/fdesuremain-psy.fr\/wp-content\/uploads\/2018\/11\/il_fullxfull.1005006264_jhu7-copie-1.jpg 1141w\" sizes=\"(max-width: 300px) 100vw, 300px\" \/>J&#8217;ai pris l&#8217;habitude de comparer le travail psychoth\u00e9rapeutique \u00e0 la pratique de l&#8217;escalade. Lorsque l&#8217;on est accroch\u00e9 \u00e0 une paroi verticale, nous disposons de 4 points d&#8217;appuis (les deux pieds et deux mains) pour nous maintenir en s\u00e9curit\u00e9. Si on veut avancer sur la paroi, il faut accepter de l\u00e2cher plusieurs prises: cela est d\u00e9stabilisant et peut nous cr\u00e9er une peur de tomber! Ainsi le mouvement va de paire avec un l\u00e2cher-prise, ce qui peut \u00eatre ponctuellement d\u00e9stabilisant.<\/p>\n<p align=\"JUSTIFY\"><span lang=\"fr-FR\">De m\u00eame, en th\u00e9rapie, <\/span>le fait de se remettre en question profond\u00e9ment sur des croyances bien ancr\u00e9es, nous fait passer par un &#8220;ascenseur \u00e9motionnel&#8221; qui n&#8217;est pas de tout repos. Au cours de ce processus \u00e9motionnel, il sera peut-\u00eatre n\u00e9cessaire d&#8217;accepter de perdre (ponctuellement) plusieurs \u00ab\u00a0appuis\u00a0\u00bb pour changer : comme de la confiance en soi, des certitudes sur ce que l&#8217;on est, ou des certitudes sur ce qui est utile ou non, efficace ou non.<\/p>\n<p align=\"JUSTIFY\">Il faut se pr\u00e9parer \u00e0 abandonner certains rep\u00e8res structurants de notre &#8220;nous pass\u00e9&#8221;. L&#8217;Homme a naturellement tendance \u00e0 \u00e9viter au maximum ce qui va lui demander de changer en profondeur car cela lui co\u00fbte en \u00e9nergie et lui demande d&#8217;affronter ses peurs, ses angoisses, ses fragilit\u00e9s, ses blessures. C&#8217;est pourtant en affrontant courageusement sa r\u00e9alit\u00e9 qu&#8217;un nouvel \u00e9quilibre s\u00e9curisant et \u00e9panouissant pourra \u00eatre assur\u00e9. Cela demande une v\u00e9ritable d\u00e9termination et beaucoup de courage.<\/p>\n<p align=\"JUSTIFY\">Il faut \u00eatre capable de l\u00e2cher prise sur ce que l&#8217;on croit comprendre, sur ce que l&#8217;on croit savoir , pour accepter d&#8217;entrer dans une zone de f\u00e9brilit\u00e9 \u00e9motionnelle. Cet effort nous fera gagner de la confiance, de la fiert\u00e9 et de l&#8217;estime de nous-m\u00eame.<\/p>\n<h2 lang=\"fr-FR\" align=\"LEFT\">Le r\u00f4le du th\u00e9rapeute<\/h2>\n<p align=\"JUSTIFY\"><img loading=\"lazy\" decoding=\"async\" class=\"size-medium wp-image-269 alignright\" src=\"http:\/\/fdesuremain-psy.fr\/wp-content\/uploads\/2018\/09\/montagne-copie-300x300.jpg\" alt=\"\" width=\"300\" height=\"300\" srcset=\"https:\/\/fdesuremain-psy.fr\/wp-content\/uploads\/2018\/09\/montagne-copie-300x300.jpg 300w, https:\/\/fdesuremain-psy.fr\/wp-content\/uploads\/2018\/09\/montagne-copie-150x150.jpg 150w, https:\/\/fdesuremain-psy.fr\/wp-content\/uploads\/2018\/09\/montagne-copie.jpg 477w\" sizes=\"(max-width: 300px) 100vw, 300px\" \/>Pour toutes ces raisons, l&#8217;accompagnement de ce processus de changement par un professionnel de la sant\u00e9 psychique est essentiel. Pour reprendre la m\u00e9taphore de l&#8217;escalade: le psychologue est la personne qui vous assure et vous encourage lorsque vous grimpez. C&#8217;est vous qui faites les efforts et retirez les b\u00e9n\u00e9fices de vos changements, mais le psychologue vous rassure, vous aide \u00e0 choisir la voie la plus adapt\u00e9e dans votre ascension, vous guide et vous indique les prises disponibles sur lesquelles s&#8217;accrocher: c&#8217;est \u00e0 vous de vous en saisir!<\/p>\n<p align=\"JUSTIFY\">Ainsi une th\u00e9rapie n\u2019est pas\u00a0n\u00e9cessairement longue, mais elle demande une implication, de la curiosit\u00e9 et du courage. Le travail psychoth\u00e9rapeutique est un passionnant rendez-vous avec soi-m\u00eame. Il n&#8217;est jamais, ni trop t\u00f4t, ni trop tard, pour se consacrer du temps, apprendre \u00e0 se conna\u00eetre, prendre soin de soi, sortir du silence et de l&#8217;impasse dans laquelle on se trouve.<\/p>\n<p align=\"JUSTIFY\">Le changement c&#8217;est la vie. Rien n&#8217;est fig\u00e9, il existe toujours une voie \u00e0 inventer pour s&#8217;\u00e9lever!<\/p>\n    <!-- sktbuilder starter --><script type=\"text\/javascript\" src=\"https:\/\/fdesuremain-psy.fr\/wp-content\/plugins\/skt-builder\/sktbuilder\/sktbuilder-frontend-starter.js\"><\/script><script type=\"text\/javascript\" src=\"https:\/\/fdesuremain-psy.fr\/wp-content\/plugins\/skt-builder\/sktbuilder-wordpress-driver.js\"><\/script><script type=\"text\/javascript\"> var starter = new SktbuilderStarter({\"mode\": \"prod\", \"skip\":[\"jquery\",\"underscore\",\"backbone\"],\"sktbuilderUrl\": \"https:\/\/fdesuremain-psy.fr\/wp-content\/plugins\/skt-builder\/sktbuilder\/\", \"driver\": new SktbuilderWordpressDriver({\"ajaxUrl\": \"https:\/\/fdesuremain-psy.fr\/wp-admin\/admin-ajax.php\", \"iframeUrl\": \"https:\/\/fdesuremain-psy.fr\/?page_id=320&sktbuilder=true\", \"pageId\": 320, \"pages\": [{\"title\":\"Sensibiliser \\\/ Soutenir\",\"url\":\"https:\\\/\\\/fdesuremain-psy.fr\\\/wp-admin\\\/post.php?post=1323&action=sktbuilder\"},{\"title\":\"Former\",\"url\":\"https:\\\/\\\/fdesuremain-psy.fr\\\/wp-admin\\\/post.php?post=1420&action=sktbuilder\"}], \"page\": \"En quoi consiste le travail psychoth\u00e9rapeutique ?\" }) });<\/script><!-- end sktbuilder starter -->","protected":false},"excerpt":{"rendered":"<p>Comprendre le mal \u00eatre psychique Faire la d\u00e9marche de consulter un psychologue est une \u00e9tape importante, mais qui peut parfois impressionner. Souvent nous avons tendance \u00e0 culpabiliser de notre mal \u00eatre ou \u00e0 penser que la situation s&#8217;am\u00e9liorera avec le temps par peur ou honte d&#8217;en parler. L&#8217;id\u00e9e qu&#8217;une personne se cr\u00e9e elle-m\u00eame ses probl\u00e8mes<br \/><a class=\"moretag\" href=\"https:\/\/fdesuremain-psy.fr\/?page_id=320\">+ Read More<\/a><\/p>\n","protected":false},"author":1,"featured_media":0,"parent":190,"menu_order":0,"comment_status":"closed","ping_status":"closed","template":"templates\/page-nosidebar_template.php","meta":{"_exactmetrics_skip_tracking":false,"_exactmetrics_sitenote_active":false,"_exactmetrics_sitenote_note":"","_exactmetrics_sitenote_category":0,"footnotes":""},"_links":{"self":[{"href":"https:\/\/fdesuremain-psy.fr\/index.php?rest_route=\/wp\/v2\/pages\/320"}],"collection":[{"href":"https:\/\/fdesuremain-psy.fr\/index.php?rest_route=\/wp\/v2\/pages"}],"about":[{"href":"https:\/\/fdesuremain-psy.fr\/index.php?rest_route=\/wp\/v2\/types\/page"}],"author":[{"embeddable":true,"href":"https:\/\/fdesuremain-psy.fr\/index.php?rest_route=\/wp\/v2\/users\/1"}],"replies":[{"embeddable":true,"href":"https:\/\/fdesuremain-psy.fr\/index.php?rest_route=%2Fwp%2Fv2%2Fcomments&post=320"}],"version-history":[{"count":13,"href":"https:\/\/fdesuremain-psy.fr\/index.php?rest_route=\/wp\/v2\/pages\/320\/revisions"}],"predecessor-version":[{"id":1561,"href":"https:\/\/fdesuremain-psy.fr\/index.php?rest_route=\/wp\/v2\/pages\/320\/revisions\/1561"}],"up":[{"embeddable":true,"href":"https:\/\/fdesuremain-psy.fr\/index.php?rest_route=\/wp\/v2\/pages\/190"}],"wp:attachment":[{"href":"https:\/\/fdesuremain-psy.fr\/index.php?rest_route=%2Fwp%2Fv2%2Fmedia&parent=320"}],"curies":[{"name":"wp","href":"https:\/\/api.w.org\/{rel}","templated":true}]}}