{"id":322,"date":"2018-09-17T20:52:58","date_gmt":"2018-09-17T18:52:58","guid":{"rendered":"http:\/\/fdesuremain-psy.fr\/?page_id=322"},"modified":"2018-11-22T14:32:47","modified_gmt":"2018-11-22T13:32:47","slug":"pour-qui","status":"publish","type":"page","link":"https:\/\/fdesuremain-psy.fr\/?page_id=322","title":{"rendered":"Pour qui?"},"content":{"rendered":"<p><img loading=\"lazy\" decoding=\"async\" class=\"alignleft wp-image-255 size-medium\" src=\"http:\/\/fdesuremain-psy.fr\/wp-content\/uploads\/2018\/09\/pour-qui-300x300.jpg\" alt=\"\" width=\"250\" height=\"250\" srcset=\"https:\/\/fdesuremain-psy.fr\/wp-content\/uploads\/2018\/09\/pour-qui-300x300.jpg 300w, https:\/\/fdesuremain-psy.fr\/wp-content\/uploads\/2018\/09\/pour-qui-150x150.jpg 150w, https:\/\/fdesuremain-psy.fr\/wp-content\/uploads\/2018\/09\/pour-qui.jpg 520w\" sizes=\"(max-width: 250px) 100vw, 250px\" \/><\/p>\n<p>&nbsp;<br \/>\n&nbsp;<\/p>\n<p>D\u2019une mani\u00e8re g\u00e9n\u00e9rale, chaque fois que vous \u00eates confront\u00e9 \u00e0 une probl\u00e9matique qui freine votre avanc\u00e9e dans la vie, qui vous p\u00e8se, vous pr\u00e9occupe plus que de raison et \u00e0 laquelle vos ressources personnelles et sociales (votre famille, vos amis) ne suffisent pas \u00e0 apporter une r\u00e9ponse satisfaisante, vous pouvez vous dire qu\u2019il peut \u00eatre utile d&#8217;en parler \u00e0 un professionnel.<\/p>\n<div class=\"clear\"><\/div>\n<h4>Pour b\u00e9n\u00e9ficier d&#8217;un soutien durant un changement ou une nouvelle \u00e9tape de votre vie personnelle ou professionnelle:<\/h4>\n<ul>\n<li>Suite \u00e0 un traumatisme, une agression, un deuil, une perte, une rupture, l&#8217;annonce d&#8217;une maladie.<\/li>\n<li>Lors de difficult\u00e9s professionnelles: conflits, harc\u00e8lement, reconversion professionnelle, stress au travail, Burn-out, la pr\u00e9paration d&#8217;un concours.<\/li>\n<li>Lors de difficult\u00e9s rencontr\u00e9es dans le couple ou la parentalit\u00e9: l&#8217;arriv\u00e9e ou le d\u00e9part d&#8217;un enfant, les conflits li\u00e9s \u00e0 l&#8217;adolescence, les difficult\u00e9s p\u00e9rinatales, la parentalit\u00e9 adoptive, les conflits de couple, le surmenage familial.<\/li>\n<\/ul>\n<p>&nbsp;<\/p>\n<h4>Pour travailler sur vous-m\u00eame sur des sujets plus anciens:<\/h4>\n<ul>\n<li>Des difficult\u00e9s relationnelles et d&#8217;attachement.<\/li>\n<li>Le poids du pass\u00e9, la r\u00e9p\u00e9tition d&#8217;un sc\u00e9nario de vie.<\/li>\n<li>Le manque de confiance en soi.<\/li>\n<li>Un mal-\u00eatre, de l\u2019anxi\u00e9t\u00e9, \u00a0des crises d\u2019angoisse, des attaques de panique, des troubles du sommeil.<\/li>\n<li>Apprendre \u00e0 d\u00e9velopper vos comp\u00e9tences psychosociales ou am\u00e9liorer la gestion de vos \u00e9motions.<\/li>\n<\/ul>\n<h4>Pour \u00eatre accompagn\u00e9 dans la prise en charge d&#8217;une maladie psychique:<\/h4>\n<ul>\n<li>Les phobies, les troubles obsessionnels, les troubles anxieux.<\/li>\n<li>Les troubles d\u00e9pressifs.<\/li>\n<li>Les addictions (avec ou sans produits), les troubles du comportement alimentaire.<\/li>\n<li>Les troubles du comportement ou de la personnalit\u00e9.<\/li>\n<li>Les troubles de stress post-traumatique.<\/li>\n<\/ul>\n<p><div class=\"clear\"><\/div><br \/>\nQuelques soit votre demande, l&#8217;intensit\u00e9 ou la long\u00e9vit\u00e9 de vos sympt\u00f4mes, je vous recevrai sans jugement, ni \u00e0 priori. Je respecterai le courage de votre d\u00e9marche et m&#8217;adapterai \u00e0 vos besoins afin de vous accompagner au mieux dans cette nouvelle \u00e9tape source de changement.<\/p>\n    <!-- sktbuilder starter --><script type=\"text\/javascript\" src=\"https:\/\/fdesuremain-psy.fr\/wp-content\/plugins\/skt-builder\/sktbuilder\/sktbuilder-frontend-starter.js\"><\/script><script type=\"text\/javascript\" src=\"https:\/\/fdesuremain-psy.fr\/wp-content\/plugins\/skt-builder\/sktbuilder-wordpress-driver.js\"><\/script><script type=\"text\/javascript\"> var starter = new SktbuilderStarter({\"mode\": \"prod\", \"skip\":[\"jquery\",\"underscore\",\"backbone\"],\"sktbuilderUrl\": \"https:\/\/fdesuremain-psy.fr\/wp-content\/plugins\/skt-builder\/sktbuilder\/\", \"driver\": new SktbuilderWordpressDriver({\"ajaxUrl\": \"https:\/\/fdesuremain-psy.fr\/wp-admin\/admin-ajax.php\", \"iframeUrl\": \"https:\/\/fdesuremain-psy.fr\/?page_id=322&sktbuilder=true\", \"pageId\": 322, \"pages\": [{\"title\":\"Sensibiliser \\\/ Soutenir\",\"url\":\"https:\\\/\\\/fdesuremain-psy.fr\\\/wp-admin\\\/post.php?post=1323&action=sktbuilder\"},{\"title\":\"Former\",\"url\":\"https:\\\/\\\/fdesuremain-psy.fr\\\/wp-admin\\\/post.php?post=1420&action=sktbuilder\"}], \"page\": \"Pour qui?\" }) });<\/script><!-- end sktbuilder starter -->","protected":false},"excerpt":{"rendered":"<p>&nbsp; &nbsp; D\u2019une mani\u00e8re g\u00e9n\u00e9rale, chaque fois que vous \u00eates confront\u00e9 \u00e0 une probl\u00e9matique qui freine votre avanc\u00e9e dans la vie, qui vous p\u00e8se, vous pr\u00e9occupe plus que de raison et \u00e0 laquelle vos ressources personnelles et sociales (votre famille, vos amis) ne suffisent pas \u00e0 apporter une r\u00e9ponse satisfaisante, vous pouvez vous dire qu\u2019il<br \/><a class=\"moretag\" href=\"https:\/\/fdesuremain-psy.fr\/?page_id=322\">+ Read More<\/a><\/p>\n","protected":false},"author":1,"featured_media":0,"parent":190,"menu_order":0,"comment_status":"closed","ping_status":"closed","template":"templates\/page-nosidebar_template.php","meta":{"_exactmetrics_skip_tracking":false,"_exactmetrics_sitenote_active":false,"_exactmetrics_sitenote_note":"","_exactmetrics_sitenote_category":0,"footnotes":""},"_links":{"self":[{"href":"https:\/\/fdesuremain-psy.fr\/index.php?rest_route=\/wp\/v2\/pages\/322"}],"collection":[{"href":"https:\/\/fdesuremain-psy.fr\/index.php?rest_route=\/wp\/v2\/pages"}],"about":[{"href":"https:\/\/fdesuremain-psy.fr\/index.php?rest_route=\/wp\/v2\/types\/page"}],"author":[{"embeddable":true,"href":"https:\/\/fdesuremain-psy.fr\/index.php?rest_route=\/wp\/v2\/users\/1"}],"replies":[{"embeddable":true,"href":"https:\/\/fdesuremain-psy.fr\/index.php?rest_route=%2Fwp%2Fv2%2Fcomments&post=322"}],"version-history":[{"count":32,"href":"https:\/\/fdesuremain-psy.fr\/index.php?rest_route=\/wp\/v2\/pages\/322\/revisions"}],"predecessor-version":[{"id":849,"href":"https:\/\/fdesuremain-psy.fr\/index.php?rest_route=\/wp\/v2\/pages\/322\/revisions\/849"}],"up":[{"embeddable":true,"href":"https:\/\/fdesuremain-psy.fr\/index.php?rest_route=\/wp\/v2\/pages\/190"}],"wp:attachment":[{"href":"https:\/\/fdesuremain-psy.fr\/index.php?rest_route=%2Fwp%2Fv2%2Fmedia&parent=322"}],"curies":[{"name":"wp","href":"https:\/\/api.w.org\/{rel}","templated":true}]}}

<p><img loading="lazy" decoding="async" class="alignleft wp-image-255 size-medium" src="http://fdesuremain-psy.fr/wp-content/uploads/2018/09/pour-qui-300x300.jpg" alt="" width="250" height="250" srcset="https://fdesuremain-psy.fr/wp-content/uploads/2018/09/pour-qui-300x300.jpg 300w, https://fdesuremain-psy.fr/wp-content/uploads/2018/09/pour-qui-150x150.jpg 150w, https://fdesuremain-psy.fr/wp-content/uploads/2018/09/pour-qui.jpg 520w" sizes="(max-width: 250px) 100vw, 250px" /></p>
<p>&nbsp;<br />
&nbsp;</p>
<p>D’une manière générale, chaque fois que vous êtes confronté à une problématique qui freine votre avancée dans la vie, qui vous pèse, vous préoccupe plus que de raison et à laquelle vos ressources personnelles et sociales (votre famille, vos amis) ne suffisent pas à apporter une réponse satisfaisante, vous pouvez vous dire qu’il peut être utile d&#8217;en parler à un professionnel.</p>
<div class="clear"></div>
<h4>Pour bénéficier d&#8217;un soutien durant un changement ou une nouvelle étape de votre vie personnelle ou professionnelle:</h4>
<ul>
<li>Suite à un traumatisme, une agression, un deuil, une perte, une rupture, l&#8217;annonce d&#8217;une maladie.</li>
<li>Lors de difficultés professionnelles: conflits, harcèlement, reconversion professionnelle, stress au travail, Burn-out, la préparation d&#8217;un concours.</li>
<li>Lors de difficultés rencontrées dans le couple ou la parentalité: l&#8217;arrivée ou le départ d&#8217;un enfant, les conflits liés à l&#8217;adolescence, les difficultés périnatales, la parentalité adoptive, les conflits de couple, le surmenage familial.</li>
</ul>
<p>&nbsp;</p>
<h4>Pour travailler sur vous-même sur des sujets plus anciens:</h4>
<ul>
<li>Des difficultés relationnelles et d&#8217;attachement.</li>
<li>Le poids du passé, la répétition d&#8217;un scénario de vie.</li>
<li>Le manque de confiance en soi.</li>
<li>Un mal-être, de l’anxiété,  des crises d’angoisse, des attaques de panique, des troubles du sommeil.</li>
<li>Apprendre à développer vos compétences psychosociales ou améliorer la gestion de vos émotions.</li>
</ul>
<h4>Pour être accompagné dans la prise en charge d&#8217;une maladie psychique:</h4>
<ul>
<li>Les phobies, les troubles obsessionnels, les troubles anxieux.</li>
<li>Les troubles dépressifs.</li>
<li>Les addictions (avec ou sans produits), les troubles du comportement alimentaire.</li>
<li>Les troubles du comportement ou de la personnalité.</li>
<li>Les troubles de stress post-traumatique.</li>
</ul>
<p><div class="clear"></div><br />
Quelques soit votre demande, l&#8217;intensité ou la longévité de vos symptômes, je vous recevrai sans jugement, ni à priori. Je respecterai le courage de votre démarche et m&#8217;adapterai à vos besoins afin de vous accompagner au mieux dans cette nouvelle étape source de changement.</p>
    <!-- sktbuilder starter --><script type="text/javascript" src="https://fdesuremain-psy.fr/wp-content/plugins/skt-builder/sktbuilder/sktbuilder-frontend-starter.js"></script><script type="text/javascript" src="https://fdesuremain-psy.fr/wp-content/plugins/skt-builder/sktbuilder-wordpress-driver.js"></script><script type="text/javascript"> var starter = new SktbuilderStarter({"mode": "prod", "skip":["jquery","underscore","backbone"],"sktbuilderUrl": "https://fdesuremain-psy.fr/wp-content/plugins/skt-builder/sktbuilder/", "driver": new SktbuilderWordpressDriver({"ajaxUrl": "https://fdesuremain-psy.fr/wp-admin/admin-ajax.php", "iframeUrl": "https://fdesuremain-psy.fr/?page_id=322&sktbuilder=true", "pageId": 322, "pages": [{"title":"Sensibiliser \/ Soutenir","url":"https:\/\/fdesuremain-psy.fr\/wp-admin\/post.php?post=1323&action=sktbuilder"},{"title":"Former","url":"https:\/\/fdesuremain-psy.fr\/wp-admin\/post.php?post=1420&action=sktbuilder"}], "page": "Pour qui?" }) });</script><!-- end sktbuilder starter -->

<p>&nbsp; &nbsp; D’une manière générale, chaque fois que vous êtes confronté à une problématique qui freine votre avancée dans la vie, qui vous pèse, vous préoccupe plus que de raison et à laquelle vos ressources personnelles et sociales (votre famille, vos amis) ne suffisent pas à apporter une réponse satisfaisante, vous pouvez vous dire qu’il<br /><a class="moretag" href="https://fdesuremain-psy.fr/?page_id=322">+ Read More</a></p>
